*y + 498. Calculate the remainder when 32 is divided by y.
6
Suppose 4*l - g + 2 = 24, -4*g + 2 = -l. Suppose 9*j + l*j = 270. Calculate the remainder when j is divided by 12.
6
Let p(n) = -n**2 - 29*n + 634. Suppose -q = 3*q - 48. What is the remainder when p(-33) is divided by q?
10
Suppose 22*b - 220 = -2*v + 17*b, 3*v - 349 = 2*b. What is the remainder when 912 is divided by v?
107
Let k be (-212)/(-7) + 2/(-7). What is the remainder when (-5)/(-2)*552/k is divided by (-3 - (-412)/28) + (-7 - 459/(-63))?
10
Suppose -7*l - 357 = -490. Suppose q + 3*c + 111 = 4*q, -4*q - 2*c + 154 = 0. Let f = q + 16. What is the remainder when f is divided by l?
16
Suppose 2*k - 6*k + 26 = 3*x, 2*k - 3*x - 4 = 0. Let y(b) = 45 + 7*b + b**2 - 20 - 20*b + 18. What is the remainder when k is divided by y(6)?
0
Let c = -380 - -433. Calculate the remainder when c is divided by 6/(-45) - (-1362)/90.
8
Let z = 123 + -79. Suppose 2*v = 4*x + z, -3*v + 6*v = 5*x + 67. Let n = 36 - v. What is the remainder when 93 is divided by n?
9
Let t(g) = -2*g**2 - 15*g - 14. Let n be t(-6). Suppose 0 = 3*w - 4*l - 353, 0 = -2*w + 3*l - n*l + 217. What is the remainder when w is divided by 38?
35
Suppose 25*k - 105 = 32*k. What is the remainder when 91 is divided by -5*9/k + 25?
7
Let a = -2673 + 2880. Calculate the remainder when 833 is divided by a.
5
Suppose -c - 215 = c + l, l = 2*c + 217. Let v = 144 + c. Calculate the remainder when v is divided by 22.
14
Suppose -13*a - 147 = -10*a. Let l = a - 25. Let z = l - -93. Calculate the remainder when 53 is divided by z.
15
Suppose -34 = -4*q - 3*s, -22*q + 29*q - 115 = 4*s. What is the remainder when (1 - 3)/2 + 115 is divided by q?
10
Suppose -930 = -u - 3*z + 785, -5*u + 8527 = -z. What is the remainder when u is divided by 190?
186
Suppose 585 = t + 14*t. Suppose 0 = 13*l - t - 403. Let w(a) = -3*a + 3. Calculate the remainder when l is divided by w(-6).
13
Let u be (-25 - -13)/(4/(-6)). Suppose y - 285 = -u*y. Let o(f) = -f**3 + f**2 - f + 88. What is the remainder when o(0) is divided by y?
13
Let g(m) = 11*m**3 + m**2 - m. Suppose a = -s + 58, 7*s - 16*s + 4*a + 639 = 0. What is the remainder when s is divided by g(1)?
1
Suppose -496 - 1322 = -3*t. Let u = 124858 + -124771. What is the remainder when t is divided by u?
84
Suppose -5*h = 5*v - 385, -25 - 37 = -v + 2*h. Suppose 0 = 2*b - 3*b - 3. What is the remainder when v is divided by 57/b*(2 - 3)?
15
Suppose -x + 46 = -5*f, 14 = -3*f - 5*x - 8. Calculate the remainder when ((-3 - (f - -5)) + 31)*2 is divided by 17.
13
Let r be 3/(-12) - (-1 - (-583)/4). Let q = -136 - r. What is the remainder when 42 is divided by q?
6
Suppose -3*h - 5*c = 2, -46*c = 2*h - 44*c + 4. Calculate the remainder when (-7575)/50*h/3 is divided by 42.
34
Suppose -4*b - 3*k + 49 = 0, 4*k - 32 = -b - b. Let a be 1*(-7)/(-14)*(-2)/1. Calculate the remainder when (-7)/((((-21)/12)/(-7))/a) is divided by b.
8
Let l(z) = -3*z**2 + z - 4. Let n be l(3). Suppose 0 = 2*a - 6, 5*o + 219 = -0*o + 3*a. What is the remainder when 83 is divided by o*(-4 - n/8)?
20
Let o(l) be the first derivative of l**3/3 - 6*l**2 + l + 16. What is the remainder when -3 - -5 - (-113 + 1) is divided by o(14)?
27
Suppose -2*h + 10 = -0*h. Suppose -39 = -h*b + 2*p, 3*p - 5*p = 4. Let k(o) = -10*o - 338. Calculate the remainder when k(-35) is divided by b.
5
Suppose 90*s = -5*o + 92*s + 141, -5*o - 3*s + 151 = 0. Calculate the remainder when 195 is divided by o.
21
Suppose 3*z + 4*g = 74, z = 40*g - 37*g + 42. Calculate the remainder when z is divided by 4.
2
Let a = 12078 - 11412. Calculate the remainder when a is divided by 341.
325
Let l(s) = -s**3 - 3*s**2 + 4*s. Suppose 3*g - 688*o = -683*o - 13, -g - 11 = -3*o. Calculate the remainder when l(-6) is divided by g.
0
Suppose 3*h + 3*h + 24 = 0. Let o(t) = -5*t. Let z(p) = 3*p**3 + 30*p**2 - 16*p + 18. What is the remainder when z(-10) is divided by o(h)?
18
Suppose 4*t + 5*j = 9*j + 1884, -3*j = 5*t - 2355. What is the remainder when t is divided by 44?
31
Let a(o) = -o**3 - 11*o**2 - 45*o - 6. Suppose 2*y - 23 = 11. What is the remainder when a(-8) is divided by y?
9
Let t = -718 - -832. What is the remainder when 571 is divided by t?
1
Suppose -c - 2*r + 91 = -r, 4*r = 5*c - 419. Let h = -76 + c. Calculate the remainder when 32 is divided by h.
10
Suppose -65*p + 68*p = 183. Let y(a) = 3*a**2 + 4*a - 11. What is the remainder when y(6) is divided by p?
60
Calculate the remainder when 706 is divided by (24 + -20)*(-109)/(-4).
52
Suppose 2*z - 309 = 5*r - 324, 3*r - 5 = 2*z. What is the remainder when 1527 is divided by z?
2
Let c = 133 - 547. Let l = c - -199. Let t = -78 - l. What is the remainder when t is divided by 35?
32
Suppose 13 = -3*h - d, h = -4*h - 5*d - 15. Let x(i) = -2*i**3 - 12*i**2 - 18*i - 28. What is the remainder when 143 is divided by x(h)?
11
Suppose -f - 28 + 97 = 2*p, 5*f - 301 = p. Let o = 23 - f. Let v = o + 52. What is the remainder when v is divided by 5?
4
Let l be (14/6)/(-7 + 1918/273). Suppose -2*v + l = -5*r, -2*v + 0*r + 82 = -2*r. What is the remainder when v is divided by 14?
10
Suppose 5*o - 594 = -k - 3*k, 0 = -k + 1. Suppose 4*l - 5*c = -61 - 71, 3*l + o = -c. Let i = -12 - l. What is the remainder when i is divided by 8?
2
Let y = -20 + 42. What is the remainder when 172/32*(5 - (-4 + (-4)/(-4))) is divided by y?
21
Let y(g) = -3*g**2 + 6*g + 5. Let m be y(6). Let u = -65 - m. Suppose 0*s - 2*s = -h + 33, -u*s = h - 45. Calculate the remainder when 116 is divided by h.
38
Let y = 87 + -82. Suppose -l = -4*p - 23, 2*p - 3*p - 58 = -y*l. What is the remainder when 30 is divided by l?
8
Let d = 665 + -521. Suppose -50*a - d = -74*a. What is the remainder when (3 - 1)*(-58)/(-4) is divided by a?
5
Let a = 2 - -156. Suppose -5*l = 79*s - 4449, s + 7*l - 2*l - 81 = 0. Calculate the remainder when a is divided by s.
46
Let t(x) = 2*x - 1. Let g(l) = 3*l + 22. Let q(v) = 2*g(v) + 18*t(v). What is the remainder when q(3) is divided by 11?
9
Suppose 0 = 4*w - 2*g - 182, -138 = -w - 2*w + g. What is the remainder when 288 is divided by w?
6
Calculate the remainder when 313 is divided by (3/6)/(((-11)/(-42))/11).
19
Let p = 160 + -17. Let a = 152 - p. Suppose 0 = -0*c - c + 17. What is the remainder when c is divided by a?
8
Suppose -4*m - 52 = -4*t + 4, -t - 3*m + 30 = 0. Let w = -10 + t. Suppose -50*g + 662 - 61 = -799. What is the remainder when g is divided by w?
4
Suppose -20*q = 41*q + 36844. Let l = q - -627. What is the remainder when 38 is divided by l?
15
Let i(s) = s**3 - 9*s**2 - 33*s + 25. Let n be i(13). Suppose 2*l - 28 = 5*u + n, -450 = -3*l - 2*u. Calculate the remainder when l is divided by 17.
14
Suppose -8*q - 16*q = -1896. What is the remainder when q is divided by 66/6*1*2?
13
Suppose -491*c + 2 = -490*c. Suppose c*q - 104 = -4*b, -q - 44 - 79 = -5*b. Suppose 2*d + 27 = 5*d. Calculate the remainder when b is divided by d.
7
Suppose 44*i + 120*i = 4264. Let l = 8 + -7. Calculate the remainder when i is divided by l.
0
Suppose 13*r - 48 = -3*r. Calculate the remainder when 478 is divided by 10/r*(-48)/40*-15.
58
Let n = 1654 - 1636. Let d = -13 - -25. What is the remainder when (67 - 4)*30/n is divided by d?
9
Suppose -49*o - 27*o = -78*o + 400. Calculate the remainder when 655 is divided by o.
55
Suppose -19*u = 28*u + 19*u - 1782. Calculate the remainder when 376 is divided by u.
25
Suppose 3*w - 25*k - 67 = -26*k, 0 = 3*k + 15. What is the remainder when 189 is divided by w?
21
Let y(f) = 3*f - 15. Let g be (-6)/(-27) + -1 + 40/(-18). Let r(w) = 5*w**2 + 2*w + 3. What is the remainder when r(g) is divided by y(10)?
12
Suppose -41*k + 843 = -674. Calculate the remainder when 923 is divided by k.
35
Suppose 382*m - 381*m = 2*i - 25, -4*m = -4*i + 44. Let r = 7 - -2. What is the remainder when r is divided by m?
0
Let h = 24 - 7. Suppose -h = -v + 3*n, v - 6 = 2*n + 11. Suppose 62 + 80 = 5*x + 2*u, 2*u = 8*x - 274. Calculate the remainder when x is divided by v.
15
Suppose 3*w - 56 = -n, -5*n - 2*w = -0*w - 319. Let s(l) = 12*l**2 - l - 4. What is the remainder when s(-4) is divided by n?
62
Let f(g) = -5*g**2 - 26*g + 20. Let x be f(-6). Calculate the remainder when 24/x + 11*16 is divided by 58.
54
Let x = -199 - -211. S